{"id":2,"date":"2024-01-25T20:43:22","date_gmt":"2024-01-25T19:43:22","guid":{"rendered":"http:\/\/capsmdj.cluster030.hosting.ovh.net\/?page_id=2"},"modified":"2024-05-21T20:34:03","modified_gmt":"2024-05-21T18:34:03","slug":"page-d-exemple","status":"publish","type":"page","link":"https:\/\/estellesebene.fr\/index.php\/page-d-exemple\/","title":{"rendered":"A propos"},"content":{"rendered":"\n<p>Je suis Estelle, une r\u00eaveuse incorrigible, qui a d\u00e9cid\u00e9 de partager ses univers avec ses mots. Autrice de l&rsquo;imaginaire, j&rsquo;\u00e9cris de la fantasy, de la dystopie, du fantastique. Vous trouverez mes ouvrages sur Amazon, et si vous voulez recevoir r\u00e9guli\u00e8rement du r\u00eave, abonnez-vous \u00e0 ma lettre bi-hebdomadaire : Du r\u00eave et des mots.<\/p>\n\n\n\n<figure class=\"wp-block-image size-large is-resized\"><img loading=\"lazy\" decoding=\"async\" width=\"683\" height=\"1024\" src=\"https:\/\/estellesebene.fr\/wp-content\/uploads\/2024\/05\/AAD03427-683x1024.jpg\" alt=\"Portrait de l'autrice\" class=\"wp-image-32\" style=\"width:auto;height:600px\" srcset=\"https:\/\/estellesebene.fr\/wp-content\/uploads\/2024\/05\/AAD03427-683x1024.jpg 683w, https:\/\/estellesebene.fr\/wp-content\/uploads\/2024\/05\/AAD03427-scaled-600x900.jpg 600w, https:\/\/estellesebene.fr\/wp-content\/uploads\/2024\/05\/AAD03427-200x300.jpg 200w, https:\/\/estellesebene.fr\/wp-content\/uploads\/2024\/05\/AAD03427-768x1152.jpg 768w, https:\/\/estellesebene.fr\/wp-content\/uploads\/2024\/05\/AAD03427-1024x1536.jpg 1024w, https:\/\/estellesebene.fr\/wp-content\/uploads\/2024\/05\/AAD03427-1365x2048.jpg 1365w, https:\/\/estellesebene.fr\/wp-content\/uploads\/2024\/05\/AAD03427-scaled.jpg 1707w\" sizes=\"auto, (max-width: 683px) 100vw, 683px\" \/><\/figure>\n","protected":false},"excerpt":{"rendered":"<p>Je suis Estelle, une r\u00eaveuse incorrigible, qui a d\u00e9cid\u00e9 de partager ses univers avec ses mots. Autrice de l&rsquo;imaginaire, j&rsquo;\u00e9cris de la fantasy, de la dystopie, du fantastique. Vous trouverez mes ouvrages sur Amazon, et si vous voulez recevoir r\u00e9guli\u00e8rement du r\u00eave, abonnez-vous \u00e0 ma lettre bi-hebdomadaire : Du r\u00eave et des mots.<\/p>\n","protected":false},"author":1,"featured_media":0,"parent":0,"menu_order":0,"comment_status":"closed","ping_status":"open","template":"","meta":{"footnotes":""},"class_list":["post-2","page","type-page","status-publish","hentry"],"yoast_head":"<!-- This site is optimized with the Yoast SEO plugin v27.5 - https:\/\/yoast.com\/product\/yoast-seo-wordpress\/ -->\n<title>A propos - Estelle S\u00e9b\u00e8ne Autrice<\/title>\n<meta name=\"robots\" content=\"index, follow, max-snippet:-1, max-image-preview:large, max-video-preview:-1\" \/>\n<link rel=\"canonical\" href=\"https:\/\/estellesebene.fr\/index.php\/page-d-exemple\/\" \/>\n<meta property=\"og:locale\" content=\"fr_FR\" \/>\n<meta property=\"og:type\" content=\"article\" \/>\n<meta property=\"og:title\" content=\"A propos - Estelle S\u00e9b\u00e8ne Autrice\" \/>\n<meta property=\"og:description\" content=\"Je suis Estelle, une r\u00eaveuse incorrigible, qui a d\u00e9cid\u00e9 de partager ses univers avec ses mots. Autrice de l&rsquo;imaginaire, j&rsquo;\u00e9cris de la fantasy, de la dystopie, du fantastique. Vous trouverez mes ouvrages sur Amazon, et si vous voulez recevoir r\u00e9guli\u00e8rement du r\u00eave, abonnez-vous \u00e0 ma lettre bi-hebdomadaire : Du r\u00eave et des mots.\" \/>\n<meta property=\"og:url\" content=\"https:\/\/estellesebene.fr\/index.php\/page-d-exemple\/\" \/>\n<meta property=\"og:site_name\" content=\"Estelle S\u00e9b\u00e8ne Autrice\" \/>\n<meta property=\"article:modified_time\" content=\"2024-05-21T18:34:03+00:00\" \/>\n<meta property=\"og:image\" content=\"https:\/\/estellesebene.fr\/wp-content\/uploads\/2024\/05\/AAD03427-683x1024.jpg\" \/>\n<meta name=\"twitter:card\" content=\"summary_large_image\" \/>\n<meta name=\"twitter:label1\" content=\"Dur\u00e9e de lecture estim\u00e9e\" \/>\n\t<meta name=\"twitter:data1\" content=\"1 minute\" \/>\n<script type=\"application\/ld+json\" class=\"yoast-schema-graph\">{\"@context\":\"https:\\\/\\\/schema.org\",\"@graph\":[{\"@type\":\"WebPage\",\"@id\":\"https:\\\/\\\/estellesebene.fr\\\/index.php\\\/page-d-exemple\\\/\",\"url\":\"https:\\\/\\\/estellesebene.fr\\\/index.php\\\/page-d-exemple\\\/\",\"name\":\"A propos - Estelle S\u00e9b\u00e8ne Autrice\",\"isPartOf\":{\"@id\":\"https:\\\/\\\/estellesebene.fr\\\/#website\"},\"primaryImageOfPage\":{\"@id\":\"https:\\\/\\\/estellesebene.fr\\\/index.php\\\/page-d-exemple\\\/#primaryimage\"},\"image\":{\"@id\":\"https:\\\/\\\/estellesebene.fr\\\/index.php\\\/page-d-exemple\\\/#primaryimage\"},\"thumbnailUrl\":\"https:\\\/\\\/estellesebene.fr\\\/wp-content\\\/uploads\\\/2024\\\/05\\\/AAD03427-683x1024.jpg\",\"datePublished\":\"2024-01-25T19:43:22+00:00\",\"dateModified\":\"2024-05-21T18:34:03+00:00\",\"breadcrumb\":{\"@id\":\"https:\\\/\\\/estellesebene.fr\\\/index.php\\\/page-d-exemple\\\/#breadcrumb\"},\"inLanguage\":\"fr-FR\",\"potentialAction\":[{\"@type\":\"ReadAction\",\"target\":[\"https:\\\/\\\/estellesebene.fr\\\/index.php\\\/page-d-exemple\\\/\"]}]},{\"@type\":\"ImageObject\",\"inLanguage\":\"fr-FR\",\"@id\":\"https:\\\/\\\/estellesebene.fr\\\/index.php\\\/page-d-exemple\\\/#primaryimage\",\"url\":\"https:\\\/\\\/estellesebene.fr\\\/wp-content\\\/uploads\\\/2024\\\/05\\\/AAD03427-scaled.jpg\",\"contentUrl\":\"https:\\\/\\\/estellesebene.fr\\\/wp-content\\\/uploads\\\/2024\\\/05\\\/AAD03427-scaled.jpg\",\"width\":1707,\"height\":2560,\"caption\":\"Portrait de l'autrice\"},{\"@type\":\"BreadcrumbList\",\"@id\":\"https:\\\/\\\/estellesebene.fr\\\/index.php\\\/page-d-exemple\\\/#breadcrumb\",\"itemListElement\":[{\"@type\":\"ListItem\",\"position\":1,\"name\":\"Accueil\",\"item\":\"https:\\\/\\\/estellesebene.fr\\\/\"},{\"@type\":\"ListItem\",\"position\":2,\"name\":\"A propos\"}]},{\"@type\":\"WebSite\",\"@id\":\"https:\\\/\\\/estellesebene.fr\\\/#website\",\"url\":\"https:\\\/\\\/estellesebene.fr\\\/\",\"name\":\"estellesebene\",\"description\":\"Du r\u00eave et des mots\",\"publisher\":{\"@id\":\"https:\\\/\\\/estellesebene.fr\\\/#organization\"},\"potentialAction\":[{\"@type\":\"SearchAction\",\"target\":{\"@type\":\"EntryPoint\",\"urlTemplate\":\"https:\\\/\\\/estellesebene.fr\\\/?s={search_term_string}\"},\"query-input\":{\"@type\":\"PropertyValueSpecification\",\"valueRequired\":true,\"valueName\":\"search_term_string\"}}],\"inLanguage\":\"fr-FR\"},{\"@type\":\"Organization\",\"@id\":\"https:\\\/\\\/estellesebene.fr\\\/#organization\",\"name\":\"Estelle S\u00e9b\u00e8ne\",\"url\":\"https:\\\/\\\/estellesebene.fr\\\/\",\"logo\":{\"@type\":\"ImageObject\",\"inLanguage\":\"fr-FR\",\"@id\":\"https:\\\/\\\/estellesebene.fr\\\/#\\\/schema\\\/logo\\\/image\\\/\",\"url\":\"https:\\\/\\\/capsmdj.cluster030.hosting.ovh.net\\\/wp-content\\\/uploads\\\/2024\\\/01\\\/logo.png\",\"contentUrl\":\"https:\\\/\\\/capsmdj.cluster030.hosting.ovh.net\\\/wp-content\\\/uploads\\\/2024\\\/01\\\/logo.png\",\"width\":500,\"height\":500,\"caption\":\"Estelle S\u00e9b\u00e8ne\"},\"image\":{\"@id\":\"https:\\\/\\\/estellesebene.fr\\\/#\\\/schema\\\/logo\\\/image\\\/\"}}]}<\/script>\n<!-- \/ Yoast SEO plugin. -->","yoast_head_json":{"title":"A propos - Estelle S\u00e9b\u00e8ne Autrice","robots":{"index":"index","follow":"follow","max-snippet":"max-snippet:-1","max-image-preview":"max-image-preview:large","max-video-preview":"max-video-preview:-1"},"canonical":"https:\/\/estellesebene.fr\/index.php\/page-d-exemple\/","og_locale":"fr_FR","og_type":"article","og_title":"A propos - Estelle S\u00e9b\u00e8ne Autrice","og_description":"Je suis Estelle, une r\u00eaveuse incorrigible, qui a d\u00e9cid\u00e9 de partager ses univers avec ses mots. Autrice de l&rsquo;imaginaire, j&rsquo;\u00e9cris de la fantasy, de la dystopie, du fantastique. Vous trouverez mes ouvrages sur Amazon, et si vous voulez recevoir r\u00e9guli\u00e8rement du r\u00eave, abonnez-vous \u00e0 ma lettre bi-hebdomadaire : Du r\u00eave et des mots.","og_url":"https:\/\/estellesebene.fr\/index.php\/page-d-exemple\/","og_site_name":"Estelle S\u00e9b\u00e8ne Autrice","article_modified_time":"2024-05-21T18:34:03+00:00","og_image":[{"url":"https:\/\/estellesebene.fr\/wp-content\/uploads\/2024\/05\/AAD03427-683x1024.jpg","type":"","width":"","height":""}],"twitter_card":"summary_large_image","twitter_misc":{"Dur\u00e9e de lecture estim\u00e9e":"1 minute"},"schema":{"@context":"https:\/\/schema.org","@graph":[{"@type":"WebPage","@id":"https:\/\/estellesebene.fr\/index.php\/page-d-exemple\/","url":"https:\/\/estellesebene.fr\/index.php\/page-d-exemple\/","name":"A propos - Estelle S\u00e9b\u00e8ne Autrice","isPartOf":{"@id":"https:\/\/estellesebene.fr\/#website"},"primaryImageOfPage":{"@id":"https:\/\/estellesebene.fr\/index.php\/page-d-exemple\/#primaryimage"},"image":{"@id":"https:\/\/estellesebene.fr\/index.php\/page-d-exemple\/#primaryimage"},"thumbnailUrl":"https:\/\/estellesebene.fr\/wp-content\/uploads\/2024\/05\/AAD03427-683x1024.jpg","datePublished":"2024-01-25T19:43:22+00:00","dateModified":"2024-05-21T18:34:03+00:00","breadcrumb":{"@id":"https:\/\/estellesebene.fr\/index.php\/page-d-exemple\/#breadcrumb"},"inLanguage":"fr-FR","potentialAction":[{"@type":"ReadAction","target":["https:\/\/estellesebene.fr\/index.php\/page-d-exemple\/"]}]},{"@type":"ImageObject","inLanguage":"fr-FR","@id":"https:\/\/estellesebene.fr\/index.php\/page-d-exemple\/#primaryimage","url":"https:\/\/estellesebene.fr\/wp-content\/uploads\/2024\/05\/AAD03427-scaled.jpg","contentUrl":"https:\/\/estellesebene.fr\/wp-content\/uploads\/2024\/05\/AAD03427-scaled.jpg","width":1707,"height":2560,"caption":"Portrait de l'autrice"},{"@type":"BreadcrumbList","@id":"https:\/\/estellesebene.fr\/index.php\/page-d-exemple\/#breadcrumb","itemListElement":[{"@type":"ListItem","position":1,"name":"Accueil","item":"https:\/\/estellesebene.fr\/"},{"@type":"ListItem","position":2,"name":"A propos"}]},{"@type":"WebSite","@id":"https:\/\/estellesebene.fr\/#website","url":"https:\/\/estellesebene.fr\/","name":"estellesebene","description":"Du r\u00eave et des mots","publisher":{"@id":"https:\/\/estellesebene.fr\/#organization"},"potentialAction":[{"@type":"SearchAction","target":{"@type":"EntryPoint","urlTemplate":"https:\/\/estellesebene.fr\/?s={search_term_string}"},"query-input":{"@type":"PropertyValueSpecification","valueRequired":true,"valueName":"search_term_string"}}],"inLanguage":"fr-FR"},{"@type":"Organization","@id":"https:\/\/estellesebene.fr\/#organization","name":"Estelle S\u00e9b\u00e8ne","url":"https:\/\/estellesebene.fr\/","logo":{"@type":"ImageObject","inLanguage":"fr-FR","@id":"https:\/\/estellesebene.fr\/#\/schema\/logo\/image\/","url":"https:\/\/capsmdj.cluster030.hosting.ovh.net\/wp-content\/uploads\/2024\/01\/logo.png","contentUrl":"https:\/\/capsmdj.cluster030.hosting.ovh.net\/wp-content\/uploads\/2024\/01\/logo.png","width":500,"height":500,"caption":"Estelle S\u00e9b\u00e8ne"},"image":{"@id":"https:\/\/estellesebene.fr\/#\/schema\/logo\/image\/"}}]}},"_links":{"self":[{"href":"https:\/\/estellesebene.fr\/index.php\/wp-json\/wp\/v2\/pages\/2","targetHints":{"allow":["GET"]}}],"collection":[{"href":"https:\/\/estellesebene.fr\/index.php\/wp-json\/wp\/v2\/pages"}],"about":[{"href":"https:\/\/estellesebene.fr\/index.php\/wp-json\/wp\/v2\/types\/page"}],"author":[{"embeddable":true,"href":"https:\/\/estellesebene.fr\/index.php\/wp-json\/wp\/v2\/users\/1"}],"replies":[{"embeddable":true,"href":"https:\/\/estellesebene.fr\/index.php\/wp-json\/wp\/v2\/comments?post=2"}],"version-history":[{"count":2,"href":"https:\/\/estellesebene.fr\/index.php\/wp-json\/wp\/v2\/pages\/2\/revisions"}],"predecessor-version":[{"id":33,"href":"https:\/\/estellesebene.fr\/index.php\/wp-json\/wp\/v2\/pages\/2\/revisions\/33"}],"wp:attachment":[{"href":"https:\/\/estellesebene.fr\/index.php\/wp-json\/wp\/v2\/media?parent=2"}],"curies":[{"name":"wp","href":"https:\/\/api.w.org\/{rel}","templated":true}]}}

<p>Je suis Estelle, une rêveuse incorrigible, qui a décidé de partager ses univers avec ses mots. Autrice de l&rsquo;imaginaire, j&rsquo;écris de la fantasy, de la dystopie, du fantastique. Vous trouverez mes ouvrages sur Amazon, et si vous voulez recevoir régulièrement du rêve, abonnez-vous à ma lettre bi-hebdomadaire : Du rêve et des mots.</p>



<figure class="wp-block-image size-large is-resized"><img loading="lazy" decoding="async" width="683" height="1024" src="https://estellesebene.fr/wp-content/uploads/2024/05/AAD03427-683x1024.jpg" alt="Portrait de l'autrice" class="wp-image-32" style="width:auto;height:600px" srcset="https://estellesebene.fr/wp-content/uploads/2024/05/AAD03427-683x1024.jpg 683w, https://estellesebene.fr/wp-content/uploads/2024/05/AAD03427-scaled-600x900.jpg 600w, https://estellesebene.fr/wp-content/uploads/2024/05/AAD03427-200x300.jpg 200w, https://estellesebene.fr/wp-content/uploads/2024/05/AAD03427-768x1152.jpg 768w, https://estellesebene.fr/wp-content/uploads/2024/05/AAD03427-1024x1536.jpg 1024w, https://estellesebene.fr/wp-content/uploads/2024/05/AAD03427-1365x2048.jpg 1365w, https://estellesebene.fr/wp-content/uploads/2024/05/AAD03427-scaled.jpg 1707w" sizes="auto, (max-width: 683px) 100vw, 683px" /></figure>

<p>Je suis Estelle, une rêveuse incorrigible, qui a décidé de partager ses univers avec ses mots. Autrice de l&rsquo;imaginaire, j&rsquo;écris de la fantasy, de la dystopie, du fantastique. Vous trouverez mes ouvrages sur Amazon, et si vous voulez recevoir régulièrement du rêve, abonnez-vous à ma lettre bi-hebdomadaire : Du rêve et des mots.</p>

<!-- This site is optimized with the Yoast SEO plugin v27.5 - https://yoast.com/product/yoast-seo-wordpress/ -->
<title>A propos - Estelle Sébène Autrice</title>
<meta name="robots" content="index, follow, max-snippet:-1, max-image-preview:large, max-video-preview:-1" />
<link rel="canonical" href="https://estellesebene.fr/index.php/page-d-exemple/" />
<meta property="og:locale" content="fr_FR" />
<meta property="og:type" content="article" />
<meta property="og:title" content="A propos - Estelle Sébène Autrice" />
<meta property="og:description" content="Je suis Estelle, une rêveuse incorrigible, qui a décidé de partager ses univers avec ses mots. Autrice de l&rsquo;imaginaire, j&rsquo;écris de la fantasy, de la dystopie, du fantastique. Vous trouverez mes ouvrages sur Amazon, et si vous voulez recevoir régulièrement du rêve, abonnez-vous à ma lettre bi-hebdomadaire : Du rêve et des mots." />
<meta property="og:url" content="https://estellesebene.fr/index.php/page-d-exemple/" />
<meta property="og:site_name" content="Estelle Sébène Autrice" />
<meta property="article:modified_time" content="2024-05-21T18:34:03+00:00" />
<meta property="og:image" content="https://estellesebene.fr/wp-content/uploads/2024/05/AAD03427-683x1024.jpg" />
<meta name="twitter:card" content="summary_large_image" />
<meta name="twitter:label1" content="Durée de lecture estimée" />
	<meta name="twitter:data1" content="1 minute" />
<script type="application/ld+json" class="yoast-schema-graph">{"@context":"https:\/\/schema.org","@graph":[{"@type":"WebPage","@id":"https:\/\/estellesebene.fr\/index.php\/page-d-exemple\/","url":"https:\/\/estellesebene.fr\/index.php\/page-d-exemple\/","name":"A propos - Estelle Sébène Autrice","isPartOf":{"@id":"https:\/\/estellesebene.fr\/#website"},"primaryImageOfPage":{"@id":"https:\/\/estellesebene.fr\/index.php\/page-d-exemple\/#primaryimage"},"image":{"@id":"https:\/\/estellesebene.fr\/index.php\/page-d-exemple\/#primaryimage"},"thumbnailUrl":"https:\/\/estellesebene.fr\/wp-content\/uploads\/2024\/05\/AAD03427-683x1024.jpg","datePublished":"2024-01-25T19:43:22+00:00","dateModified":"2024-05-21T18:34:03+00:00","breadcrumb":{"@id":"https:\/\/estellesebene.fr\/index.php\/page-d-exemple\/#breadcrumb"},"inLanguage":"fr-FR","potentialAction":[{"@type":"ReadAction","target":["https:\/\/estellesebene.fr\/index.php\/page-d-exemple\/"]}]},{"@type":"ImageObject","inLanguage":"fr-FR","@id":"https:\/\/estellesebene.fr\/index.php\/page-d-exemple\/#primaryimage","url":"https:\/\/estellesebene.fr\/wp-content\/uploads\/2024\/05\/AAD03427-scaled.jpg","contentUrl":"https:\/\/estellesebene.fr\/wp-content\/uploads\/2024\/05\/AAD03427-scaled.jpg","width":1707,"height":2560,"caption":"Portrait de l'autrice"},{"@type":"BreadcrumbList","@id":"https:\/\/estellesebene.fr\/index.php\/page-d-exemple\/#breadcrumb","itemListElement":[{"@type":"ListItem","position":1,"name":"Accueil","item":"https:\/\/estellesebene.fr\/"},{"@type":"ListItem","position":2,"name":"A propos"}]},{"@type":"WebSite","@id":"https:\/\/estellesebene.fr\/#website","url":"https:\/\/estellesebene.fr\/","name":"estellesebene","description":"Du rêve et des mots","publisher":{"@id":"https:\/\/estellesebene.fr\/#organization"},"potentialAction":[{"@type":"SearchAction","target":{"@type":"EntryPoint","urlTemplate":"https:\/\/estellesebene.fr\/?s={search_term_string}"},"query-input":{"@type":"PropertyValueSpecification","valueRequired":true,"valueName":"search_term_string"}}],"inLanguage":"fr-FR"},{"@type":"Organization","@id":"https:\/\/estellesebene.fr\/#organization","name":"Estelle Sébène","url":"https:\/\/estellesebene.fr\/","logo":{"@type":"ImageObject","inLanguage":"fr-FR","@id":"https:\/\/estellesebene.fr\/#\/schema\/logo\/image\/","url":"https:\/\/capsmdj.cluster030.hosting.ovh.net\/wp-content\/uploads\/2024\/01\/logo.png","contentUrl":"https:\/\/capsmdj.cluster030.hosting.ovh.net\/wp-content\/uploads\/2024\/01\/logo.png","width":500,"height":500,"caption":"Estelle Sébène"},"image":{"@id":"https:\/\/estellesebene.fr\/#\/schema\/logo\/image\/"}}]}</script>
<!-- / Yoast SEO plugin. -->

A propos - Estelle Sébène Autrice

Je suis Estelle, une rêveuse incorrigible, qui a décidé de partager ses univers avec ses mots. Autrice de l&rsquo;imaginaire, j&rsquo;écris de la fantasy, de la dystopie, du fantastique. Vous trouverez mes ouvrages sur Amazon, et si vous voulez recevoir régulièrement du rêve, abonnez-vous à ma lettre bi-hebdomadaire : Du rêve et des mots.

Estelle Sébène Autrice

Du rêve et des mots

Estelle Sébène
