{"id":278,"date":"2025-11-30T17:24:16","date_gmt":"2025-11-30T16:24:16","guid":{"rendered":"https:\/\/estellesebene.fr\/?page_id=278"},"modified":"2025-12-22T13:17:54","modified_gmt":"2025-12-22T12:17:54","slug":"la-faille","status":"publish","type":"page","link":"https:\/\/estellesebene.fr\/index.php\/la-faille\/","title":{"rendered":"La Faille"},"content":{"rendered":"\n<h2 class=\"wp-block-heading\"><em>Une dystopie fantastique<\/em><\/h2>\n\n\n\n<div class=\"wp-block-columns is-layout-flex wp-container-core-columns-is-layout-28f84493 wp-block-columns-is-layout-flex\">\n<div class=\"wp-block-column is-layout-flow wp-block-column-is-layout-flow\"><\/div>\n\n\n\n<div class=\"wp-block-column is-layout-flow wp-block-column-is-layout-flow\"><\/div>\n<\/div>\n\n\n\n<div class=\"wp-block-columns alignwide is-layout-flex wp-container-core-columns-is-layout-28f84493 wp-block-columns-is-layout-flex\">\n<div class=\"wp-block-column is-layout-flow wp-block-column-is-layout-flow\">\n<p><strong>Quand les ennemis se multiplient, l\u2019aide provient parfois d\u2019un endroit inattendu.<\/strong><\/p>\n\n\n\n<p>La Faille est apparue dans le ciel, ouvrant un passage vers un monde inconnu et d\u00e9vastant la totalit\u00e9 de l\u2019\u00e9cosyst\u00e8me terrestre. Les Ext\u00e9rieurs abattent les humains qui habitent \u00e0 proximit\u00e9 de cette anomalie.<\/p>\n\n\n\n<p>Elric fait partie d\u2019une \u00e9quipe d\u2019extraction de l\u2019Arm\u00e9e. Des visions \u00e9tranges commencent \u00e0 s\u2019imposer \u00e0 lui, qui l\u2019inqui\u00e8tent et mettent en p\u00e9ril sa position de soldat.<\/p>\n\n\n\n<p>Lors d\u2019une mission qui tourne mal, son \u00e9quipe est forc\u00e9e de d\u00e9serter. Sa rencontre avec Jenni va l\u2019obliger \u00e0 affronter les d\u00e9mons de son pass\u00e9. Mais aussi lui faire d\u00e9couvrir que son probl\u00e8me est en fait une capacit\u00e9 hors du commun.<\/p>\n\n\n\n<p>Face aux menaces de l\u2019Arm\u00e9e et des Ext\u00e9rieurs, cette aptitude peut-elle \u00eatre la cl\u00e9 pour sauver ses amis ?<\/p>\n<\/div>\n\n\n\n<div class=\"wp-block-column is-vertically-aligned-stretch is-layout-flow wp-block-column-is-layout-flow\">\n<figure class=\"wp-block-image aligncenter size-large is-style-rounded is-style-rounded--1\"><img loading=\"lazy\" decoding=\"async\" width=\"640\" height=\"1024\" src=\"https:\/\/estellesebene.fr\/wp-content\/uploads\/2024\/09\/La-Faille-Estelle-Sebene-Couverture-Ebook-640x1024.jpg\" alt=\"Couverture La Faille\" class=\"wp-image-48\" srcset=\"https:\/\/estellesebene.fr\/wp-content\/uploads\/2024\/09\/La-Faille-Estelle-Sebene-Couverture-Ebook-640x1024.jpg 640w, https:\/\/estellesebene.fr\/wp-content\/uploads\/2024\/09\/La-Faille-Estelle-Sebene-Couverture-Ebook-600x960.jpg 600w, https:\/\/estellesebene.fr\/wp-content\/uploads\/2024\/09\/La-Faille-Estelle-Sebene-Couverture-Ebook-188x300.jpg 188w, https:\/\/estellesebene.fr\/wp-content\/uploads\/2024\/09\/La-Faille-Estelle-Sebene-Couverture-Ebook-768x1229.jpg 768w, https:\/\/estellesebene.fr\/wp-content\/uploads\/2024\/09\/La-Faille-Estelle-Sebene-Couverture-Ebook-960x1536.jpg 960w, https:\/\/estellesebene.fr\/wp-content\/uploads\/2024\/09\/La-Faille-Estelle-Sebene-Couverture-Ebook-1280x2048.jpg 1280w, https:\/\/estellesebene.fr\/wp-content\/uploads\/2024\/09\/La-Faille-Estelle-Sebene-Couverture-Ebook.jpg 1600w\" sizes=\"auto, (max-width: 640px) 100vw, 640px\" \/><\/figure>\n<\/div>\n<\/div>\n\n\n\n<h2 class=\"wp-block-heading has-text-align-center\">L&rsquo;univers en musique<\/h2>\n\n\n\n<p class=\"has-text-align-center\"><iframe loading=\"lazy\" title=\"deezer-widget\" src=\"https:\/\/widget.deezer.com\/widget\/auto\/playlist\/13235687883\" width=\"100%\" height=\"300\" frameborder=\"0\"><\/iframe><\/p>\n\n\n\n<div data-wp-interactive=\"core\/file\" class=\"wp-block-file\"><object data-wp-bind--hidden=\"!state.hasPdfPreview\" hidden class=\"wp-block-file__embed\" data=\"https:\/\/estellesebene.fr\/wp-content\/uploads\/2025\/11\/Extrait_La_Faille.pdf\" type=\"application\/pdf\" style=\"width:100%;height:600px\" aria-label=\"Contenu embarqu\u00e9 Extrait_La_Faille.\"><\/object><a id=\"wp-block-file--media-417059f0-8d1a-43da-84f2-3aed59717363\" href=\"https:\/\/estellesebene.fr\/wp-content\/uploads\/2025\/11\/Extrait_La_Faille.pdf\">Extrait_La_Faille<\/a><a href=\"https:\/\/estellesebene.fr\/wp-content\/uploads\/2025\/11\/Extrait_La_Faille.pdf\" class=\"wp-block-file__button wp-element-button\" download aria-describedby=\"wp-block-file--media-417059f0-8d1a-43da-84f2-3aed59717363\">T\u00e9l\u00e9charger<\/a><\/div>\n\n\n\n<h2 class=\"wp-block-heading has-text-align-center\">Les personnages<\/h2>\n\n\n\n<div class=\"wp-block-group alignwide is-nowrap is-layout-flex wp-container-core-group-is-layout-6c531013 wp-block-group-is-layout-flex\">\n<figure class=\"wp-block-image size-large\"><img loading=\"lazy\" decoding=\"async\" width=\"1024\" height=\"1024\" src=\"https:\/\/estellesebene.fr\/wp-content\/uploads\/2025\/11\/Moodboard-Jia-1024x1024.jpg\" alt=\"\" class=\"wp-image-280\" srcset=\"https:\/\/estellesebene.fr\/wp-content\/uploads\/2025\/11\/Moodboard-Jia-1024x1024.jpg 1024w, https:\/\/estellesebene.fr\/wp-content\/uploads\/2025\/11\/Moodboard-Jia-300x300.jpg 300w, https:\/\/estellesebene.fr\/wp-content\/uploads\/2025\/11\/Moodboard-Jia-150x150.jpg 150w, https:\/\/estellesebene.fr\/wp-content\/uploads\/2025\/11\/Moodboard-Jia-768x768.jpg 768w, https:\/\/estellesebene.fr\/wp-content\/uploads\/2025\/11\/Moodboard-Jia-600x600.jpg 600w, https:\/\/estellesebene.fr\/wp-content\/uploads\/2025\/11\/Moodboard-Jia-100x100.jpg 100w, https:\/\/estellesebene.fr\/wp-content\/uploads\/2025\/11\/Moodboard-Jia.jpg 1080w\" sizes=\"auto, (max-width: 1024px) 100vw, 1024px\" \/><\/figure>\n\n\n\n<figure class=\"wp-block-image size-large\"><img loading=\"lazy\" decoding=\"async\" width=\"1024\" height=\"1024\" src=\"https:\/\/estellesebene.fr\/wp-content\/uploads\/2025\/11\/Moodboard-Elric-1024x1024.jpg\" alt=\"\" class=\"wp-image-279\" srcset=\"https:\/\/estellesebene.fr\/wp-content\/uploads\/2025\/11\/Moodboard-Elric-1024x1024.jpg 1024w, https:\/\/estellesebene.fr\/wp-content\/uploads\/2025\/11\/Moodboard-Elric-300x300.jpg 300w, https:\/\/estellesebene.fr\/wp-content\/uploads\/2025\/11\/Moodboard-Elric-150x150.jpg 150w, https:\/\/estellesebene.fr\/wp-content\/uploads\/2025\/11\/Moodboard-Elric-768x768.jpg 768w, https:\/\/estellesebene.fr\/wp-content\/uploads\/2025\/11\/Moodboard-Elric-600x600.jpg 600w, https:\/\/estellesebene.fr\/wp-content\/uploads\/2025\/11\/Moodboard-Elric-100x100.jpg 100w, https:\/\/estellesebene.fr\/wp-content\/uploads\/2025\/11\/Moodboard-Elric.jpg 1080w\" sizes=\"auto, (max-width: 1024px) 100vw, 1024px\" \/><\/figure>\n\n\n\n<figure class=\"wp-block-image size-large\"><img loading=\"lazy\" decoding=\"async\" width=\"1024\" height=\"1024\" src=\"https:\/\/estellesebene.fr\/wp-content\/uploads\/2025\/11\/Moodboard-Jenni-1024x1024.jpg\" alt=\"\" class=\"wp-image-281\" srcset=\"https:\/\/estellesebene.fr\/wp-content\/uploads\/2025\/11\/Moodboard-Jenni-1024x1024.jpg 1024w, https:\/\/estellesebene.fr\/wp-content\/uploads\/2025\/11\/Moodboard-Jenni-300x300.jpg 300w, https:\/\/estellesebene.fr\/wp-content\/uploads\/2025\/11\/Moodboard-Jenni-150x150.jpg 150w, https:\/\/estellesebene.fr\/wp-content\/uploads\/2025\/11\/Moodboard-Jenni-768x768.jpg 768w, https:\/\/estellesebene.fr\/wp-content\/uploads\/2025\/11\/Moodboard-Jenni-600x600.jpg 600w, https:\/\/estellesebene.fr\/wp-content\/uploads\/2025\/11\/Moodboard-Jenni-100x100.jpg 100w, https:\/\/estellesebene.fr\/wp-content\/uploads\/2025\/11\/Moodboard-Jenni.jpg 1080w\" sizes=\"auto, (max-width: 1024px) 100vw, 1024px\" \/><\/figure>\n<\/div>\n\n\n\n<div class=\"wp-block-group alignfull is-nowrap is-layout-flex wp-container-core-group-is-layout-6c531013 wp-block-group-is-layout-flex\">\n<blockquote class=\"wp-block-quote is-layout-flow wp-block-quote-is-layout-flow\">\n<p><br>Il revint dans son corps avec un sursaut, les yeux \u00e9carquill\u00e9s. Il avait du mal \u00e0 retrouver ses sensations et un torrent d\u2019\u00e9motions se bousculait dans sa t\u00eate. \u00c0 la fin, il avait eu envie de consoler Jia. Il comprenait le sacrifice et la difficult\u00e9 de faire des choix pour ceux qu\u2019on aime. Et dans un sens, il avait l\u2019impression que ces sentiments \u00e9taient aussi les siens.<\/p>\n<\/blockquote>\n\n\n\n<blockquote class=\"wp-block-quote is-layout-flow wp-block-quote-is-layout-flow\">\n<p><br>Il avait la sensation d\u2019\u00eatre dans une partie de mikado g\u00e9ante, et que le moindre faux mouvement pouvait tout faire \u00e9crouler.<\/p>\n<\/blockquote>\n\n\n\n<blockquote class=\"wp-block-quote is-layout-flow wp-block-quote-is-layout-flow\">\n<p><br>Dans un m\u00eame mouvement, ils s\u2019\u00e9tir\u00e8rent l\u2019un vers l\u2019autre et s\u2019embrass\u00e8rent. Le baiser avait un go\u00fbt d\u2019inattendu et de transgressif.<\/p>\n<\/blockquote>\n<\/div>\n","protected":false},"excerpt":{"rendered":"<p>Une dystopie fantastique Quand les ennemis se multiplient, l\u2019aide provient parfois d\u2019un endroit inattendu. La Faille est apparue dans le ciel, ouvrant un passage vers un monde inconnu et d\u00e9vastant la totalit\u00e9 de l\u2019\u00e9cosyst\u00e8me terrestre. Les Ext\u00e9rieurs abattent les humains qui habitent \u00e0 proximit\u00e9 de cette anomalie. Elric fait partie d\u2019une \u00e9quipe d\u2019extraction de l\u2019Arm\u00e9e. [&hellip;]<\/p>\n","protected":false},"author":1,"featured_media":0,"parent":0,"menu_order":0,"comment_status":"closed","ping_status":"closed","template":"","meta":{"footnotes":""},"class_list":["post-278","page","type-page","status-publish","hentry"],"yoast_head":"<!-- This site is optimized with the Yoast SEO plugin v27.4 - https:\/\/yoast.com\/product\/yoast-seo-wordpress\/ -->\n<title>La Faille - Estelle S\u00e9b\u00e8ne Autrice<\/title>\n<meta name=\"description\" content=\"D\u00e9couvrez l&#039;univers de La Faille, la dystopie fantastique de Estelle S\u00e9b\u00e8ne, o\u00f9 se m\u00eale lien entre les mondes, r\u00e9demption et amour.\" \/>\n<meta name=\"robots\" content=\"index, follow, max-snippet:-1, max-image-preview:large, max-video-preview:-1\" \/>\n<link rel=\"canonical\" href=\"https:\/\/estellesebene.fr\/index.php\/la-faille\/\" \/>\n<meta property=\"og:locale\" content=\"fr_FR\" \/>\n<meta property=\"og:type\" content=\"article\" \/>\n<meta property=\"og:title\" content=\"La Faille - Estelle S\u00e9b\u00e8ne Autrice\" \/>\n<meta property=\"og:description\" content=\"D\u00e9couvrez l&#039;univers de La Faille, la dystopie fantastique de Estelle S\u00e9b\u00e8ne, o\u00f9 se m\u00eale lien entre les mondes, r\u00e9demption et amour.\" \/>\n<meta property=\"og:url\" content=\"https:\/\/estellesebene.fr\/index.php\/la-faille\/\" \/>\n<meta property=\"og:site_name\" content=\"Estelle S\u00e9b\u00e8ne Autrice\" \/>\n<meta property=\"article:modified_time\" content=\"2025-12-22T12:17:54+00:00\" \/>\n<meta property=\"og:image\" content=\"https:\/\/estellesebene.fr\/wp-content\/uploads\/2024\/09\/La-Faille-Estelle-Sebene-Couverture-Ebook-640x1024.jpg\" \/>\n\t<meta property=\"og:image:width\" content=\"640\" \/>\n\t<meta property=\"og:image:height\" content=\"1024\" \/>\n\t<meta property=\"og:image:type\" content=\"image\/jpeg\" \/>\n<meta name=\"twitter:card\" content=\"summary_large_image\" \/>\n<meta name=\"twitter:label1\" content=\"Dur\u00e9e de lecture estim\u00e9e\" \/>\n\t<meta name=\"twitter:data1\" content=\"2 minutes\" \/>\n<script type=\"application\/ld+json\" class=\"yoast-schema-graph\">{\"@context\":\"https:\\\/\\\/schema.org\",\"@graph\":[{\"@type\":\"WebPage\",\"@id\":\"https:\\\/\\\/estellesebene.fr\\\/index.php\\\/la-faille\\\/\",\"url\":\"https:\\\/\\\/estellesebene.fr\\\/index.php\\\/la-faille\\\/\",\"name\":\"La Faille - Estelle S\u00e9b\u00e8ne Autrice\",\"isPartOf\":{\"@id\":\"https:\\\/\\\/estellesebene.fr\\\/#website\"},\"primaryImageOfPage\":{\"@id\":\"https:\\\/\\\/estellesebene.fr\\\/index.php\\\/la-faille\\\/#primaryimage\"},\"image\":{\"@id\":\"https:\\\/\\\/estellesebene.fr\\\/index.php\\\/la-faille\\\/#primaryimage\"},\"thumbnailUrl\":\"https:\\\/\\\/estellesebene.fr\\\/wp-content\\\/uploads\\\/2024\\\/09\\\/La-Faille-Estelle-Sebene-Couverture-Ebook-640x1024.jpg\",\"datePublished\":\"2025-11-30T16:24:16+00:00\",\"dateModified\":\"2025-12-22T12:17:54+00:00\",\"description\":\"D\u00e9couvrez l'univers de La Faille, la dystopie fantastique de Estelle S\u00e9b\u00e8ne, o\u00f9 se m\u00eale lien entre les mondes, r\u00e9demption et amour.\",\"breadcrumb\":{\"@id\":\"https:\\\/\\\/estellesebene.fr\\\/index.php\\\/la-faille\\\/#breadcrumb\"},\"inLanguage\":\"fr-FR\",\"potentialAction\":[{\"@type\":\"ReadAction\",\"target\":[\"https:\\\/\\\/estellesebene.fr\\\/index.php\\\/la-faille\\\/\"]}]},{\"@type\":\"ImageObject\",\"inLanguage\":\"fr-FR\",\"@id\":\"https:\\\/\\\/estellesebene.fr\\\/index.php\\\/la-faille\\\/#primaryimage\",\"url\":\"https:\\\/\\\/estellesebene.fr\\\/wp-content\\\/uploads\\\/2024\\\/09\\\/La-Faille-Estelle-Sebene-Couverture-Ebook.jpg\",\"contentUrl\":\"https:\\\/\\\/estellesebene.fr\\\/wp-content\\\/uploads\\\/2024\\\/09\\\/La-Faille-Estelle-Sebene-Couverture-Ebook.jpg\",\"width\":1600,\"height\":2560,\"caption\":\"Couverture La Faille\"},{\"@type\":\"BreadcrumbList\",\"@id\":\"https:\\\/\\\/estellesebene.fr\\\/index.php\\\/la-faille\\\/#breadcrumb\",\"itemListElement\":[{\"@type\":\"ListItem\",\"position\":1,\"name\":\"Accueil\",\"item\":\"https:\\\/\\\/estellesebene.fr\\\/\"},{\"@type\":\"ListItem\",\"position\":2,\"name\":\"La Faille\"}]},{\"@type\":\"WebSite\",\"@id\":\"https:\\\/\\\/estellesebene.fr\\\/#website\",\"url\":\"https:\\\/\\\/estellesebene.fr\\\/\",\"name\":\"estellesebene\",\"description\":\"Du r\u00eave et des mots\",\"publisher\":{\"@id\":\"https:\\\/\\\/estellesebene.fr\\\/#organization\"},\"potentialAction\":[{\"@type\":\"SearchAction\",\"target\":{\"@type\":\"EntryPoint\",\"urlTemplate\":\"https:\\\/\\\/estellesebene.fr\\\/?s={search_term_string}\"},\"query-input\":{\"@type\":\"PropertyValueSpecification\",\"valueRequired\":true,\"valueName\":\"search_term_string\"}}],\"inLanguage\":\"fr-FR\"},{\"@type\":\"Organization\",\"@id\":\"https:\\\/\\\/estellesebene.fr\\\/#organization\",\"name\":\"Estelle S\u00e9b\u00e8ne\",\"url\":\"https:\\\/\\\/estellesebene.fr\\\/\",\"logo\":{\"@type\":\"ImageObject\",\"inLanguage\":\"fr-FR\",\"@id\":\"https:\\\/\\\/estellesebene.fr\\\/#\\\/schema\\\/logo\\\/image\\\/\",\"url\":\"https:\\\/\\\/capsmdj.cluster030.hosting.ovh.net\\\/wp-content\\\/uploads\\\/2024\\\/01\\\/logo.png\",\"contentUrl\":\"https:\\\/\\\/capsmdj.cluster030.hosting.ovh.net\\\/wp-content\\\/uploads\\\/2024\\\/01\\\/logo.png\",\"width\":500,\"height\":500,\"caption\":\"Estelle S\u00e9b\u00e8ne\"},\"image\":{\"@id\":\"https:\\\/\\\/estellesebene.fr\\\/#\\\/schema\\\/logo\\\/image\\\/\"}}]}<\/script>\n<!-- \/ Yoast SEO plugin. -->","yoast_head_json":{"title":"La Faille - Estelle S\u00e9b\u00e8ne Autrice","description":"D\u00e9couvrez l'univers de La Faille, la dystopie fantastique de Estelle S\u00e9b\u00e8ne, o\u00f9 se m\u00eale lien entre les mondes, r\u00e9demption et amour.","robots":{"index":"index","follow":"follow","max-snippet":"max-snippet:-1","max-image-preview":"max-image-preview:large","max-video-preview":"max-video-preview:-1"},"canonical":"https:\/\/estellesebene.fr\/index.php\/la-faille\/","og_locale":"fr_FR","og_type":"article","og_title":"La Faille - Estelle S\u00e9b\u00e8ne Autrice","og_description":"D\u00e9couvrez l'univers de La Faille, la dystopie fantastique de Estelle S\u00e9b\u00e8ne, o\u00f9 se m\u00eale lien entre les mondes, r\u00e9demption et amour.","og_url":"https:\/\/estellesebene.fr\/index.php\/la-faille\/","og_site_name":"Estelle S\u00e9b\u00e8ne Autrice","article_modified_time":"2025-12-22T12:17:54+00:00","og_image":[{"width":640,"height":1024,"url":"https:\/\/estellesebene.fr\/wp-content\/uploads\/2024\/09\/La-Faille-Estelle-Sebene-Couverture-Ebook-640x1024.jpg","type":"image\/jpeg"}],"twitter_card":"summary_large_image","twitter_misc":{"Dur\u00e9e de lecture estim\u00e9e":"2 minutes"},"schema":{"@context":"https:\/\/schema.org","@graph":[{"@type":"WebPage","@id":"https:\/\/estellesebene.fr\/index.php\/la-faille\/","url":"https:\/\/estellesebene.fr\/index.php\/la-faille\/","name":"La Faille - Estelle S\u00e9b\u00e8ne Autrice","isPartOf":{"@id":"https:\/\/estellesebene.fr\/#website"},"primaryImageOfPage":{"@id":"https:\/\/estellesebene.fr\/index.php\/la-faille\/#primaryimage"},"image":{"@id":"https:\/\/estellesebene.fr\/index.php\/la-faille\/#primaryimage"},"thumbnailUrl":"https:\/\/estellesebene.fr\/wp-content\/uploads\/2024\/09\/La-Faille-Estelle-Sebene-Couverture-Ebook-640x1024.jpg","datePublished":"2025-11-30T16:24:16+00:00","dateModified":"2025-12-22T12:17:54+00:00","description":"D\u00e9couvrez l'univers de La Faille, la dystopie fantastique de Estelle S\u00e9b\u00e8ne, o\u00f9 se m\u00eale lien entre les mondes, r\u00e9demption et amour.","breadcrumb":{"@id":"https:\/\/estellesebene.fr\/index.php\/la-faille\/#breadcrumb"},"inLanguage":"fr-FR","potentialAction":[{"@type":"ReadAction","target":["https:\/\/estellesebene.fr\/index.php\/la-faille\/"]}]},{"@type":"ImageObject","inLanguage":"fr-FR","@id":"https:\/\/estellesebene.fr\/index.php\/la-faille\/#primaryimage","url":"https:\/\/estellesebene.fr\/wp-content\/uploads\/2024\/09\/La-Faille-Estelle-Sebene-Couverture-Ebook.jpg","contentUrl":"https:\/\/estellesebene.fr\/wp-content\/uploads\/2024\/09\/La-Faille-Estelle-Sebene-Couverture-Ebook.jpg","width":1600,"height":2560,"caption":"Couverture La Faille"},{"@type":"BreadcrumbList","@id":"https:\/\/estellesebene.fr\/index.php\/la-faille\/#breadcrumb","itemListElement":[{"@type":"ListItem","position":1,"name":"Accueil","item":"https:\/\/estellesebene.fr\/"},{"@type":"ListItem","position":2,"name":"La Faille"}]},{"@type":"WebSite","@id":"https:\/\/estellesebene.fr\/#website","url":"https:\/\/estellesebene.fr\/","name":"estellesebene","description":"Du r\u00eave et des mots","publisher":{"@id":"https:\/\/estellesebene.fr\/#organization"},"potentialAction":[{"@type":"SearchAction","target":{"@type":"EntryPoint","urlTemplate":"https:\/\/estellesebene.fr\/?s={search_term_string}"},"query-input":{"@type":"PropertyValueSpecification","valueRequired":true,"valueName":"search_term_string"}}],"inLanguage":"fr-FR"},{"@type":"Organization","@id":"https:\/\/estellesebene.fr\/#organization","name":"Estelle S\u00e9b\u00e8ne","url":"https:\/\/estellesebene.fr\/","logo":{"@type":"ImageObject","inLanguage":"fr-FR","@id":"https:\/\/estellesebene.fr\/#\/schema\/logo\/image\/","url":"https:\/\/capsmdj.cluster030.hosting.ovh.net\/wp-content\/uploads\/2024\/01\/logo.png","contentUrl":"https:\/\/capsmdj.cluster030.hosting.ovh.net\/wp-content\/uploads\/2024\/01\/logo.png","width":500,"height":500,"caption":"Estelle S\u00e9b\u00e8ne"},"image":{"@id":"https:\/\/estellesebene.fr\/#\/schema\/logo\/image\/"}}]}},"_links":{"self":[{"href":"https:\/\/estellesebene.fr\/index.php\/wp-json\/wp\/v2\/pages\/278","targetHints":{"allow":["GET"]}}],"collection":[{"href":"https:\/\/estellesebene.fr\/index.php\/wp-json\/wp\/v2\/pages"}],"about":[{"href":"https:\/\/estellesebene.fr\/index.php\/wp-json\/wp\/v2\/types\/page"}],"author":[{"embeddable":true,"href":"https:\/\/estellesebene.fr\/index.php\/wp-json\/wp\/v2\/users\/1"}],"replies":[{"embeddable":true,"href":"https:\/\/estellesebene.fr\/index.php\/wp-json\/wp\/v2\/comments?post=278"}],"version-history":[{"count":6,"href":"https:\/\/estellesebene.fr\/index.php\/wp-json\/wp\/v2\/pages\/278\/revisions"}],"predecessor-version":[{"id":325,"href":"https:\/\/estellesebene.fr\/index.php\/wp-json\/wp\/v2\/pages\/278\/revisions\/325"}],"wp:attachment":[{"href":"https:\/\/estellesebene.fr\/index.php\/wp-json\/wp\/v2\/media?parent=278"}],"curies":[{"name":"wp","href":"https:\/\/api.w.org\/{rel}","templated":true}]}}